remainder when 1 + o/9 - (-534)/27 is divided by j?
9
Let d = -20282 - -20412. Calculate the remainder when d is divided by 11.
9
Let y = -74 - -208. Let b = y - 75. Calculate the remainder when b is divided by 30.
29
Let w = 274 - 224. Suppose -11*i - w = -358. What is the remainder when 36 is divided by i?
8
Suppose -3*x = 2*r - 582, -5*r + 1455 = -470*x + 467*x. Calculate the remainder when 2611 is divided by r.
283
Let k(g) = -2*g + 13. Let t(s) = 3*s - 27. Let d(j) = -5*k(j) - 3*t(j). Let q = 29 - 0. What is the remainder when q is divided by d(-5)?
7
Let o be -1 + -1 + 0 - (11 + -17). Suppose -3*z = 5*q - o - 49, -2*z - q = -33. What is the remainder when 76 is divided by z?
12
Suppose 0 = -216*t + 203*t + 17342. What is the remainder when t is divided by 1323?
11
Let y = -18 - -29. Suppose -y*q = -28 - 214. What is the remainder when 83 is divided by q?
17
Suppose 9*y + 305 = 4*y. Let q = y + 67. Suppose -p + 15 = q. What is the remainder when 26 is divided by p?
8
Suppose 10*g - q = 6036, -g - 3*q - 4 = -589. What is the remainder when g is divided by 166?
105
Suppose -7*q - 81 = -10*q. Suppose q*z - 703 = 863. What is the remainder when z is divided by 15?
13
Let f(o) = 8*o**2 - 19*o - 92. Let r be f(-8). Suppose -1192 = -12*t + r. Calculate the remainder when t is divided by 6.
3
Let c = -13 - -32. Suppose 6 = c*s - 21*s. Let q(b) = -2*b**3 - 5*b**2 - 3*b + 1. Calculate the remainder when 55 is divided by q(s).
17
Let r(t) = 251*t - 10688. Calculate the remainder when r(51) is divided by 59.
48
Suppose -5*o + 35 = -0*o. Let y = 33 + o. Calculate the remainder when 1*1*y - 2 is divided by 8.
6
Suppose -18 = 5*f + 2. Let s be 120/(-16) + (-3)/2. Calculate the remainder when -3*141/s - f is divided by 13.
12
Calculate the remainder when 6 - (((-27725)/(-7))/(-1) - 324/1134) is divided by 16.
15
Let s = -543 + 669. What is the remainder when 5164 is divided by s?
124
Let l(f) = -11 + 12*f - 20*f + 11*f + 39. Let v be l(0). Suppose 2*d = 4*d - v. Calculate the remainder when d is divided by 4.
2
Let m(u) be the second derivative of 13*u**3/6 - 91*u**2/2 + 3*u - 9. Calculate the remainder when 35 is divided by m(8).
9
Suppose 2*q = 5*q - g - 75, 2*g - 66 = -3*q. Let l(k) = k**3 + 17*k**2 - 41*k - 51. What is the remainder when q is divided by l(-19)?
0
Let r = -109 + 102. Calculate the remainder when 325/15*(-3)/(-1) is divided by ((-1428)/9)/r*3/2.
31
Suppose -53*d + 22 = -31*d. What is the remainder when (109 + -31)/(d - (2 + -3)) is divided by 5?
4
What is the remainder when 2678 is divided by (2765/(-20))/((-13)/((-416)/(-28)))?
150
Let h = -142 - -147. Suppose -h*u + 5*n = -150, 0 = -25*u + 24*u + 4*n + 24. Calculate the remainder when u is divided by 13.
6
Let v(y) = 3*y**2 - 114*y - 2228. Calculate the remainder when v(-20) is divided by 618.
16
Let c be (-1 - 1) + 4 + 54. Let b = -40 + c. Suppose -h + 4*g = -78, -5*h - 67*g + 63*g = -294. Calculate the remainder when h is divided by b.
14
Let m(y) = 6*y - 41. Let x be m(17). Let v = x - 28. Suppose n + 46 - 11 = 5*c, -2*c = n - 14. Calculate the remainder when v is divided by c.
5
What is the remainder when 3/7 - (-1235655)/945 is divided by 11?
10
What is the remainder when 193 is divided by ((-2814)/4)/(-21) + (36/(-8) - -4)?
28
Let j(v) = -11*v - 3 + 7 + 11 + v**2 - 8*v + v. Calculate the remainder when j(20) is divided by 29.
26
Suppose 3*r - 217 = -37. Calculate the remainder when 1196 is divided by r.
56
Suppose 5*r - 13 = 3*s, -2*r - 4*s + 6 = -20. Suppose 2*h - r*h + d = -20, 0 = -4*h - 4*d. What is the remainder when 282 is divided by h?
2
Suppose 690*h = 624*h + 14442 - 318. What is the remainder when h is divided by 4 + (3 - 8) - -74?
68
Suppose 0 = -5*m + 161 + 14. What is the remainder when (-70 - (-1080)/36) + 121 is divided by m?
11
Suppose 0 = -7*o + 5*o - r - 702, 2*o + 2*r = -702. What is the remainder when 3/((-2)/(-7) - o/(-1302)) is divided by 37?
1
What is the remainder when 310 is divided by -635*(-46)/(-69)*(0 + (-15)/25)?
56
Let g(l) = -l**2 - 4*l - 2. Let i be g(-3). Let s = 42 + -22. Calculate the remainder when (s/4)/(i/3) is divided by 4.
3
Let s be 13/(-5) - -3 - 216/15. Let t = s + 22. What is the remainder when t is divided by 4?
0
Suppose 0 = 20*o - 35*o + 120. Suppose -4*r + 270 = 10*d - o*d, -3*d + 80 = r. What is the remainder when r is divided by 17?
14
Suppose -131*p = -84*p - 1086 - 89. Let z(i) = -i**3 - 9*i**2 + 4*i - 8. What is the remainder when z(-10) is divided by p?
2
Let g(t) = 4*t**2 - 17*t + 84. Let m(x) = -5*x**2 + 17*x - 85. Let q(b) = 3*g(b) + 2*m(b). What is the remainder when q(4) is divided by 13?
7
Suppose 24 = 4*c, 5*c = 4*z - 423 + 125. Calculate the remainder when 648 is divided by z.
74
Suppose 4*h - 416 = -4*x, -2*x - 550 = -5*h - x. Calculate the remainder when h is divided by (-29)/(-5*(-7)/(-35)).
22
Let r = 424 - 402. What is the remainder when (104/(-6))/(r/(-330)) is divided by 15?
5
Let a(n) = 56*n**2 - 712*n - 52. Calculate the remainder when 2192 is divided by a(13).
8
Suppose -2056 = 7*m + 2508. Let t = m + 780. Calculate the remainder when t is divided by 17.
9
Suppose 2*t - 9*t - t = 0. Calculate the remainder when 29 is divided by 10 + (t - -1) + 0.
7
Let g = 23440 + -23239. Let y = 31 + -2. What is the remainder when g is divided by y?
27
Let a = 60 - 39. Suppose 4*j + 16 = 0, -3*y + 4*j = 2*y - a. Suppose 6*v - 281 - y = 0. What is the remainder when v is divided by 10?
7
Suppose 3*t + 0*t - 126 = 0. Suppose 2*o = t + 164. Suppose -3*z = k - 33, 224*k = 5*z + 221*k - 83. What is the remainder when o is divided by z?
12
Suppose -5*k = -2*s - 5, 0 = s - 5*s - k + 23. Let d(r) = -17*r**2 - 26*r + 32 - s + 8*r + r**3. What is the remainder when 133 is divided by d(18)?
25
Suppose -5*x + 235 = -3*z, -2*x + 4*z + 43 = -65. Let r(k) = -430*k**3 + k**2. Let i be r(1). Let u = i + 559. What is the remainder when u is divided by x?
42
Suppose 29 + 21 = 5*k. Suppose 203 = k*w - 577. Calculate the remainder when w is divided by 42.
36
Let y = -95 + 657. Suppose 3*x + 3*u - 564 = 0, -4*x + 7*x - y = -u. Calculate the remainder when x is divided by 60.
7
Let c(w) = 50*w + 1. Calculate the remainder when c(1) is divided by (9 - 1 - -4) + ((-16)/4 - -7).
6
Let n(z) be the second derivative of -11*z**3/6 - 2*z**2 - 3*z. Let l = -7390 + 7503. What is the remainder when l is divided by n(-3)?
26
Let h(n) = 433*n**2 + 432*n - 1. Let i be h(-1). Suppose -2*w + 6*w - 96 = 0. Let g = w - i. Calculate the remainder when 68 is divided by g.
20
Let u = -11377 - -11438. What is the remainder when 2007 is divided by u?
55
Suppose -88*c - 5*o = -86*c - 1149, 2*o + 1156 = 2*c. Calculate the remainder when c is divided by 92.
25
Suppose 4*w = -p + 521, -2*p + 3*w + 490 = -563. Suppose -173 = -u - a, 2*u - 5*u - a = -p. What is the remainder when u is divided by 30?
26
Let q = -789 + 811. What is the remainder when (64/2)/((-140)/(-1050)) is divided by q?
20
Suppose 5*t + 20 = 0, 39 = 5*k + t - 2. Suppose -g - 5*y = -9, g + 4*g = -5*y - 15. Calculate the remainder when (32/6)/((-2)/g) is divided by k.
7
Suppose -113*j + 5426 = -1455 - 2724. Calculate the remainder when j is divided by 50/3 - 4/6.
5
Suppose 4*r + 1007 = -833. Calculate the remainder when 9/2*25/((-125)/r) is divided by 13.
11
Let k be -25*210/(-175)*(-2)/(-3). Suppose -27*r + 5649 = -k*r. Calculate the remainder when r is divided by 18.
15
Let b(l) = 22*l**2 + 2*l - 21. Calculate the remainder when 410 is divided by b(3).
44
Let s = -5842 + 5853. What is the remainder when 327 is divided by s?
8
Let b(v) be the third derivative of -v**6/20 - v**5/10 - v**4/2 - 4*v**3/3 + 39*v**2 - 2. Calculate the remainder when b(-3) is divided by 69.
67
Let x be 0/38 + 1 + -5. What is the remainder when x/18 - (-48)/(-27) - -49 is divided by 17?
13
Suppose 80*k - 61 = 484 + 655. Suppose 31 - 129 = -2*w. What is the remainder when w is divided by k?
4
Let g(b) = -7*b + 14. Let d(r) = r + 1. Let j(m) = -6*d(m) - g(m). Let w be j(-10). What is the remainder when 2*(-3)/(w/265) is divided by 31?
22
Let c(k) be the second derivative of k**4/12 + 5*k**3/3 - 21*k**2/2 + 5*k. Let i be c(-11). Calculate the remainder when 62 + -3*i/(-15) is divided by 16.
12
Let p be 56/16 - 3 - 231/2. Let y